3552 + 13994. What is the remainder when f is divided by 99?
46
Suppose 30 = -3*c + 30. Suppose c = 369*j - 364*j - 265. What is the remainder when j is divided by 22?
9
Suppose -g - 4*f = -5, -5*g + g + 2*f - 52 = 0. Let u be -13*(-2 - 0)/1. Let k = g + u. Calculate the remainder when 41 is divided by k.
11
Let w = -704 - -922. Calculate the remainder when 521 is divided by w.
85
Suppose 4289*r + 529 = 4290*r. Calculate the remainder when r is divided by 194.
141
Let g be (-696)/(-84) + -8 + (-90156)/(-14). Suppose -26*w = -12*w - g. Calculate the remainder when w is divided by 77.
75
Suppose 0 = -2*w + 4*j + 20, j + 6 = w - 0*j. Let b = -246 + 303. Suppose 0 = 5*o - b + w. Calculate the remainder when 32 is divided by o.
10
What is the remainder when 9709 is divided by ((-7)/(-42)*-8)/((-12)/117)?
11
Suppose 7*a - 663 = 51. Let w = 141 - a. Calculate the remainder when 187 is divided by w.
31
Suppose -s + 51 = 19. Suppose 4557 = -p + s*p. Calculate the remainder when p is divided by 25.
22
Calculate the remainder when (-1 - 2)/((-72)/(-19280)*50/(-30)) is divided by 138.
68
Let v = 491 + -470. Calculate the remainder when 141 is divided by v.
15
What is the remainder when 30706/42 + 498/63 + -8 is divided by 16?
11
Suppose 4*n + 48 = 4*t, 0 = 2*t + 5*n - 3 - 0. Suppose t*r + 32 = r. What is the remainder when 2/(-3)*54/r is divided by 7?
2
Suppose -3090 = -5*f + 25*k - 20*k, 5*f - 3075 = 2*k. What is the remainder when f is divided by 50?
13
Suppose 93 = 2*n - 67. Let m = n + -39. Calculate the remainder when 47 is divided by m.
6
Let c = -9199 + 9590. What is the remainder when 3131 is divided by c?
3
Let k(p) = 177 - 13*p + 0*p - 257. Calculate the remainder when 100 is divided by k(-8).
4
Let v = -38 - -23. Let u = 41367 - 41363. What is the remainder when v/((-1 - 0)/1) is divided by u?
3
Let g(x) = -48 - 63 + 29*x + 32 - x**2. Calculate the remainder when g(21) is divided by (-26)/8*-2*2.
11
Suppose -128*i + 5*z - 319 = -132*i, 316 = 4*i + 4*z. What is the remainder when i is divided by 29?
18
Let l(m) = -444*m - 6106. What is the remainder when l(-26) is divided by 147?
146
Let r = -57 - -32. Calculate the remainder when (0 - -2)*446/4 is divided by (r/15)/((-2)/54).
43
Suppose -28*i - 15*i = -11*i - 3328. What is the remainder when 373 is divided by i?
61
Let g(f) = f**2 - 31*f - 953. What is the remainder when 128 is divided by g(-20)?
61
Suppose u = 13 + 29. Let a(b) = b**3 - 33*b**2 + 32*b. Let r be a(32). Suppose r = -3*w + 18 + 15. What is the remainder when u is divided by w?
9
Suppose 4*f = 80*f + 10247 - 31375. What is the remainder when 564 is divided by f?
8
Suppose p = 3*z - 163, -3*z - 111*p + 185 = -110*p. Calculate the remainder when ((-340)/6)/(2/(-6)) is divided by z.
54
Suppose -273 = -2*t - t. Suppose -285*o = -289*o + 52. Calculate the remainder when t is divided by 2*613/26 - 2/o.
44
Suppose -159 = -1718*v + 1715*v. Suppose 5*k = 1683 + 952. Calculate the remainder when k is divided by v.
50
Let t(y) = 3*y**3 + 65*y**2 - 22*y + 13. Let r be t(-22). Suppose 3*u = 3*i - 669, 3*i + 4*u + r = 682. What is the remainder when i is divided by 56?
55
Let l(s) = -19*s + 7. Suppose -730 = -36*k - 10. Suppose k*j - 35*j = -315. What is the remainder when l(-5) is divided by j?
18
Suppose -156 - 56 = -3*x + 5*i, 3*x - 4*i = 208. Calculate the remainder when 818 is divided by x.
50
Suppose 0 = -3*f + 4*g + 2928, 1853 = 5*f - 4*g - 3027. Suppose f = 52*l - 36*l. Calculate the remainder when l is divided by 130/6 + (-2)/3.
19
Suppose 13*x - 12*x - 3*q - 197 = 0, -5*x - 3*q = -967. Let v(c) = -c + 49. What is the remainder when x is divided by v(0)?
47
Suppose 0 = -4*n - 12, -3*n - 102 = -q - 2*q. Let l(v) = 62*v + 3291. Calculate the remainder when l(-50) is divided by q.
5
Suppose -4*j + j - k = -295, 2*k - 290 = -3*j. Suppose -481 = 87*n - j*n. What is the remainder when n is divided by 5?
2
Let c = -108 + 119. Let u = 1519 - 1510. What is the remainder when c is divided by u?
2
Suppose -10 = 5*h - 90. Let d(o) = -o**2 + 9*o + 19. Let q be d(14). Let a = q + 81. Calculate the remainder when a is divided by h.
14
Let n(l) = 14*l**3 - l**2 - 4*l + 4. Let y(j) be the first derivative of -17*j**4/4 - 2*j**3/3 + j - 8. Calculate the remainder when y(-1) is divided by n(1).
3
Suppose 11*b = 2*b - 1575. Let i = b + 179. What is the remainder when -16*(-1 + (0 - 0)) is divided by i?
0
Suppose 33*z - 33 = 32*z. Suppose z*a = 3746 - 644. Calculate the remainder when a is divided by 45.
4
Let u(p) = -4*p**2 + 10*p + 9. Let v be u(-2). Let n(w) = -3*w - 41. Calculate the remainder when n(v) is divided by 31.
9
Let m = -1973 - -2051. What is the remainder when 465 is divided by m?
75
Let r = -55 - -60. Suppose -11 - 24 = -k - 5*c, -r*c - 25 = -3*k. What is the remainder when 154 is divided by 1/1 - (-48 - k/5)?
50
Let i(g) = -g**2 + g + 1. Let t be i(-1). Let r be ((3 - t) + -2)*8. What is the remainder when 29 is divided by r/(-28) + 151/7?
8
Suppose 4*p = -102 + 118, 458 = 5*u + 2*p. Calculate the remainder when 1510 is divided by u.
70
Suppose -4*t = -5*f - 215 - 260, -2*f + 260 = 2*t. Calculate the remainder when 169 is divided by t.
44
Let k(w) = -6*w + 1510 + 9*w**2 + 0*w - 1516 - 5*w**3 + 4*w**3. Calculate the remainder when 54 is divided by k(8).
4
Let a(w) be the first derivative of 2*w**3/3 + 9*w**2/2 - 11*w - 100. Calculate the remainder when 55 is divided by a(-6).
6
Let s(l) = 29*l + 57. Let k be s(-3). Calculate the remainder when (9/(-5))/(k/350) is divided by 17.
4
Let d(q) = q**2 - 9*q + 2. Suppose 3 = -y + 7. Let h be d(y). What is the remainder when 14 is divided by ((-6)/h)/(2/54)?
5
Suppose 360 = 5*a + 3*q - 0*q, -360 = -5*a + 5*q. Suppose -2*c = 5*x - 3232, -19*x - 2*c + 1940 = -16*x. What is the remainder when x is divided by a?
70
Suppose c - u - 175 = -38, 3*c = -2*u + 396. Suppose 132*l = c*l - 56. Calculate the remainder when 78 is divided by l.
22
Suppose -17*x = -484 - 9. Suppose x*v = 37*v - 120. Calculate the remainder when 133 is divided by v.
13
Let r(q) = -20*q + 11. Let x be r(0). Suppose -5*j + 216 - x = 0. Calculate the remainder when 116 is divided by j.
34
Suppose -55839 - 96290 = -149*p. Calculate the remainder when p is divided by 14.
13
Let i = -3983 - -4209. What is the remainder when i is divided by 167?
59
Let t(z) = -2*z + 18. Let l(d) = -9 + 11 - 1. Let s(x) = -10*l(x) + t(x). What is the remainder when 113 is divided by s(-15)?
37
Let h = 10606 + -8315. Calculate the remainder when h is divided by 154.
135
What is the remainder when (127314/(-110))/(5/25)*4/(-6) is divided by 193?
191
Suppose -4*h + 3*h = 86. Suppose 0 = -4*a - 80 - 208. Let c = a - h. What is the remainder when 36 is divided by c?
8
Suppose y - 3*z = 7, 2*y - 34*z = -37*z + 41. Let p = -18 + 32. Calculate the remainder when y is divided by p.
2
Let i(h) be the second derivative of 6*h - 1/4*h**4 + 0 - 4*h**2 - 1/20*h**5 - 7/6*h**3. What is the remainder when i(-5) is divided by 40?
37
Suppose -1550 = c - 1544, -2*d - c = -142. What is the remainder when 8063 is divided by d?
71
Suppose 0 = -99*l + 9876 + 16659 + 4155. What is the remainder when 321 is divided by l?
11
Let y(k) = -199*k + 3190. Suppose 2*g = 3*g - 11. What is the remainder when g is divided by y(16)?
5
Let m(c) = 23*c**2 + 1239*c - 38. Calculate the remainder when 252 is divided by m(-54).
4
Let m(u) = u**2 - 21*u + 134. Let s(n) = 12*n - 81. Let p be s(8). What is the remainder when m(p) is divided by 15?
14
Calculate the remainder when 188 is divided by 3/8 - 2725/(-200).
6
Let l(k) = 11*k - 1. Let d = -8849 - -8862. Calculate the remainder when l(2) is divided by d.
8
Suppose 10*p = -5*i + 6*p + 43766, -p = -2*i + 17509. Suppose -47*l = -i - 2761. Calculate the remainder when l is divided by 67.
44
Let l(k) = -37*k**2 + 150*k - 2. What is the remainder when 1295 is divided by l(4)?
5
Let r(i) = -75*i + 759. What is the remainder when r(6) is divided by 36?
21
Suppose -3*y + 3*c = -741, y - 77 - 184 = -c. Calculate the remainder when 952 is divided by y.
190
Let w(f) = -5*f**2 + 6*f - 4. Let c(j) = j**2 - 1. Let s(o) = 6*c(o) + w(o). Let v = -52125 - -52141. What is the remainder when v is divided by s(-8)?
4
Let l be ((-18)/8)/(((-60)/64)/5). Let x(v) 